Let v(z) = -2*z**3 + z**2 + 2*z - 1. Let x be v(-2). Let o(a) = 177*a + 636. Let k be o(-3). What is the greatest common divisor of x and k?
15
Let d = -120 - -219. What is the highest common divisor of d and 27?
9
Let i be (-32)/(-20)*(-25)/(-2). Calculate the highest common factor of 500 and i.
20
Suppose -5*a + 31200 = 34*a. What is the highest common divisor of 25 and a?
25
Suppose -2*i + 152 = 4*f + 54, 0 = 3*f + 2*i - 73. Let x = -16 + 10. Let u be 9610/35 - x/14. What is the highest common divisor of f and u?
25
Let p = -240 + 256. Calculate the greatest common divisor of 752 and p.
16
Suppose -44*g + 52*g = 192. What is the greatest common factor of 45 and g?
3
Let r = -1596 - -1854. What is the highest common divisor of 946 and r?
86
Let j = 8 + -4. Let i be -4 - (56/(-1))/j. What is the greatest common divisor of 2 and i?
2
Let u be (-1 + -3)/((-24)/30) + -3. Calculate the greatest common factor of u and 46.
2
Let b(s) = 2*s**2 - 6*s + 6. Suppose 0 = -2*j + 4*j + 10. Let c be b(j). Suppose -c = -8*o - 22. Calculate the greatest common divisor of 56 and o.
8
Let l(p) = -22*p - 18. Let c be l(-3). Suppose -4*f + 128 = 3*w + w, 5*f - 160 = w. Calculate the highest common factor of c and f.
16
Suppose -143*a + 144*a + 4*s = 823, -3*a = 2*s - 2419. What is the greatest common divisor of 22 and a?
11
Suppose 13*z - 3854 = 2581. What is the greatest common factor of z and 225?
45
Let m = -179 - -306. What is the highest common factor of 1 and m?
1
Suppose -288 = 8*g - 1352. Calculate the highest common divisor of 209 and g.
19
Let k = -1235 - -1242. Calculate the greatest common factor of k and 448.
7
Let h be -4*(2 - 0)*-2. Let b be 22/99 - (-16)/9. What is the greatest common factor of b and h?
2
Let m = 2558 + -2541. What is the greatest common factor of 2329 and m?
17
Let h(c) = 30*c**2 - 8*c + 6. Let l be h(1). Suppose 10*z + 896 = 18*z. What is the highest common divisor of l and z?
28
Let h(l) = 2*l**2 - 81*l + 72. Let j be h(40). Calculate the highest common divisor of j and 56.
8
Suppose 0 = t + s - 8, 3*t - 32 = 4*s + s. Let u(r) = -3*r + 21. Let i be u(t). Let h be i/(-4) + (-50)/(-4). Calculate the highest common divisor of h and 35.
7
Let r(p) = -p**3 - 8*p**2 - 12*p + 12. Let j be r(-7). Calculate the highest common factor of 329 and j.
47
Let l = 25 - 24. What is the highest common divisor of 16 and l?
1
Suppose 4*h + 3*u - 10 = -0*h, -4*h + 4*u = 4. Let z(f) = -25*f - 1381. Let s be z(-56). Calculate the greatest common factor of h and s.
1
Let j be 21/(-2) + 11 + (-41)/(-2). What is the greatest common divisor of 483 and j?
21
Let k be (-48)/(-21) + (12/14)/(-3). Let h be (7/4)/(k/16). What is the greatest common divisor of 98 and h?
14
Let u(o) = -o**3 - 4*o**2 + 2*o + 3. Let h be u(-5). Let n = 261 - 258. What is the highest common factor of n and h?
3
Let i(b) = 22*b**2 + b - 7. Let y(a) = -a + 6. Let k be y(10). Let h be i(k). What is the highest common divisor of 31 and h?
31
Let s = -40 - -43. Suppose 0 = -s*n + 15 + 3. What is the greatest common factor of n and 6?
6
Let h(d) = -d + 2. Let y be h(-6). Let k be ((-84)/(-10))/((-54)/(-90)) + 0. Calculate the greatest common divisor of k and y.
2
Let h be 3*78/(-18)*(-1)/1. Calculate the highest common factor of 52 and h.
13
Let y be ((-6)/5)/((-12)/30). Suppose 0 = -y*w - 11 + 26. Calculate the greatest common factor of 35 and w.
5
Let l = -28 + 60. What is the greatest common factor of 40 and l?
8
Suppose 0 = 3*l - 2*l - 484. Let c be (7/(105/(-12)))/((-7)/385). What is the greatest common factor of l and c?
44
Let n(k) = 33*k + 2. Let v be n(-2). Suppose 178 = 3*l - 5*q + 40, -138 = -3*l - 5*q. Let d = l - v. Calculate the greatest common factor of d and 22.
22
Let o = 47 - 28. Suppose o - 190 = -3*z. Suppose -18 = -5*t + z. What is the greatest common divisor of t and 15?
15
Suppose 0 = -j - 4*r + 52, 4*r = 2*r. Suppose -40 = d - j. Let w(c) = c**3 + 4*c**2 + 4. Let f be w(-4). What is the greatest common divisor of d and f?
4
Suppose 3*m = -c + 11, 0 = 5*m - 2*m + 2*c - 7. Suppose m*o = -4*r - 0*r + 125, 5 = o. Let l = r + -5. What is the highest common factor of l and 40?
20
Let d(l) = l**3 - 17*l**2 + 31*l + 7. Let o = 28 - 13. Let c be d(o). What is the greatest common factor of c and 22?
22
Let c be (-3520)/(-30) - 6 - 2/(-3). Calculate the highest common factor of 28 and c.
28
Let q be 0 + (-8 - -11) - -102. What is the highest common factor of 645 and q?
15
Let v(j) = j**2 + 14*j - 19. Let c be v(-15). Let h = 11 - c. Calculate the highest common divisor of 45 and h.
15
Suppose -4 + 20 = 4*m, -27 = -5*s - 3*m. Suppose -2*h = -h. Suppose 4*t = -4*b - h*b + 52, -b + 15 = 3*t. What is the greatest common divisor of s and b?
3
Suppose -3*q + 25 + 5 = 0. Calculate the greatest common factor of q and 50.
10
Suppose 2*q + 2*i - 3*i - 13 = 0, 4*q - 21 = i. Suppose m + 477 = b + q*b, -4*m = -4*b + 372. Calculate the highest common factor of 32 and b.
32
Let u(j) = -2*j + 20. Let i be u(-10). Suppose -l - 15 + i = 0. Calculate the highest common divisor of 5 and l.
5
Let v = 644 + -585. What is the highest common divisor of 5 and v?
1
Let r be 5/((-5)/3) - -13. Let w = 17 + -21. Let k(o) = 2*o**2 + 4*o + 4. Let t be k(w). What is the greatest common factor of t and r?
10
Suppose -4*b = -0*b + i - 223, -232 = -4*b - 4*i. Let o be -73*4/(-28) - (-9)/(-21). Calculate the highest common factor of b and o.
5
Let s(l) = l**2 + l - 1. Let d(o) = -o**2 - 16*o + 30. Let f(v) = -d(v) - 2*s(v). Let k be f(5). What is the highest common divisor of k and 17?
17
Let c(q) = q**2 + 11*q + 13. Let x be c(-10). Suppose 0 = m - 11 + x. Suppose 0 = m*s - 13*s + 35. Calculate the highest common factor of 7 and s.
7
Suppose 0*k + 9 = 3*k. Let m(v) = 11*v + 6. Let h be m(k). Suppose 2*g - h = 21. Calculate the greatest common divisor of g and 45.
15
Let r(u) = 19*u**2 - 6*u + 23*u + 0*u**2 - u**2 + 41 - u**3. Let y be r(19). What is the greatest common factor of y and 27?
3
Suppose 0*q - 5*q - 80 = 0. Let f = q + 22. What is the greatest common factor of 24 and f?
6
Let l(u) = -u**3 + 10*u**2 + 14*u - 51. Let a be l(8). What is the greatest common divisor of 27 and a?
27
Let g(l) = 11*l - 12. Let a = -82 - -84. Let u be g(a). Calculate the greatest common divisor of u and 80.
10
Let n be 522/33 + 10 + (-4)/(-22). Calculate the highest common divisor of n and 533.
13
Let b = 98 + -37. Let s(x) = 5*x**2. Let p be s(1). Suppose p*k - 180 = -2*w, -3*k + b = 3*w - 47. What is the highest common factor of k and 12?
12
Let o(m) = 8*m**2 + 1. Let s be o(-2). Let x be (-4)/(-18) - 14/(-18). Suppose r = x + 10. Calculate the greatest common factor of s and r.
11
Let v(y) = -142*y + 33. Let m be v(-7). What is the greatest common factor of m and 13?
13
Let i = -107 - -195. Suppose 0 = -4*v + i + 8. Calculate the highest common factor of 6 and v.
6
Let h be (-5)/2*24/(-15). Let w = 49 + -29. Calculate the greatest common factor of w and h.
4
Let y = -21 - -36. Let c(u) = 2*u - 2. Let w be c(6). Suppose -w = -m - m. Calculate the highest common factor of m and y.
5
Let t be (-2)/(-4) + (-3)/((-12)/4282). Suppose 0 = 4*h + 5*s - t, -2*h - 4*s = -s - 537. Calculate the greatest common divisor of h and 33.
33
Let c(n) = n**2 - 16*n - 7. Let s be c(15). Let d = 24 + s. Suppose -d*m = -3*u - 68, 0 = -2*m - 4*u - u + 36. Calculate the highest common factor of m and 70.
14
Suppose -2*u + 4 + 5 = 7*b, -5 = -5*u. Calculate the highest common divisor of b and 98.
1
Let j be ((-5)/(-15))/((-1)/(-63)). What is the greatest common factor of j and 672?
21
Let r be -8 + (3 - -6) - -149. What is the greatest common divisor of 270 and r?
30
Suppose -35*l - l = -3672. Calculate the greatest common divisor of l and 170.
34
Suppose 11*h - 9*h - 556 = -2*w, -h - 3*w + 284 = 0. What is the highest common factor of 165 and h?
55
Let a be 1 + 0 + 2*(14 + -7). Calculate the highest common divisor of 6 and a.
3
Let j be 6/(-4)*12/(-6). Suppose 5*i - 4*f = 644, 0 = -j*i + 3*f - 168 + 552. Suppose i + 228 = 3*v. Calculate the highest common factor of 15 and v.
15
Suppose -2*a - 5*x = -0*a + 6, -6 = -5*a - 2*x. Let c = 19 + a. Let f(m) = 8*m - 6. Let h be f(6). What is the greatest common factor of c and h?
21
Suppose 56124 = 1